st common divisor of 12818 and 312482134.
986
What is the highest common divisor of 159578818 and 35?
7
What is the greatest common factor of 5063591 and 13?
13
What is the greatest common factor of 141 and 11560637?
47
What is the greatest common factor of 1748 and 748684?
4
Calculate the highest common factor of 1066 and 481002.
2
What is the highest common factor of 2 and 1583714?
2
What is the greatest common divisor of 4922 and 8469050?
214
Calculate the greatest common factor of 75 and 6472695.
15
Calculate the highest common factor of 54406 and 468974.
22
What is the highest common divisor of 7000 and 257000?
1000
Calculate the highest common divisor of 15169 and 15013173.
1379
Calculate the greatest common divisor of 420273243 and 117.
117
Calculate the greatest common factor of 7053980 and 136.
68
Calculate the greatest common divisor of 2698 and 630906.
142
What is the greatest common divisor of 70847 and 1161123?
349
What is the highest common factor of 146871 and 1035?
9
Calculate the greatest common divisor of 300 and 11130100.
100
Calculate the highest common divisor of 2425056 and 62544.
48
Calculate the highest common factor of 164171 and 18095.
329
What is the highest common divisor of 888 and 2227733?
37
What is the greatest common divisor of 3 and 198834795?
3
What is the highest common factor of 65218720 and 1120?
1120
Calculate the highest common factor of 550564330 and 760.
190
What is the greatest common factor of 1442744 and 37904?
184
Calculate the greatest common factor of 9560672 and 2076.
692
What is the highest common divisor of 33697 and 123659?
31
Calculate the greatest common factor of 1077851 and 167276.
1349
What is the highest common factor of 135825228 and 22?
22
Calculate the greatest common divisor of 125 and 1428613500.
125
Calculate the greatest common divisor of 5592 and 150252147.
699
What is the greatest common factor of 5526003 and 15456?
483
What is the greatest common factor of 4868006 and 3234?
22
Calculate the highest common factor of 66 and 51953913.
33
What is the highest common factor of 765 and 28842829?
17
What is the highest common divisor of 92011 and 10403?
101
What is the greatest common divisor of 53561 and 17803?
19
Calculate the highest common divisor of 156414 and 885822.
786
What is the greatest common divisor of 1027580 and 317060?
3820
What is the greatest common factor of 119970 and 81747?
279
Calculate the greatest common factor of 29944036 and 12.
4
What is the highest common factor of 552131 and 24418?
29
What is the highest common divisor of 360312 and 10704?
24
What is the highest common divisor of 534612650 and 1100?
550
Calculate the highest common divisor of 18251600 and 107120.
8240
Calculate the greatest common divisor of 53 and 161384099.
53
Calculate the greatest common divisor of 26045 and 172.
1
Calculate the greatest common divisor of 14 and 9984023.
7
Calculate the greatest common factor of 2356837 and 189.
7
Calculate the greatest common factor of 7343787 and 99.
33
Calculate the highest common divisor of 226086 and 212.
2
Calculate the greatest common divisor of 6982757 and 1304.
163
What is the greatest common factor of 5585228 and 1518?
506
What is the greatest common factor of 483 and 1728644925?
483
What is the greatest common divisor of 42 and 366363354?
42
Calculate the highest common divisor of 4 and 210145240.
4
Calculate the greatest common factor of 3240 and 3435.
15
What is the highest common divisor of 23602257 and 2625?
21
Calculate the highest common divisor of 66 and 1038228.
6
Calculate the highest common divisor of 26709 and 3407181.
87
Calculate the highest common factor of 713274 and 18.
6
Calculate the highest common divisor of 65597 and 5.
1
Calculate the greatest common factor of 4716 and 202644.
36
What is the greatest common divisor of 3 and 1503419?
1
Calculate the highest common divisor of 1031967 and 56943.
999
Calculate the greatest common factor of 2361112 and 43.
1
What is the greatest common factor of 1634809 and 132904?
449
What is the highest common divisor of 7703635 and 340?
85
Calculate the greatest common factor of 926 and 10905502.
926
What is the greatest common divisor of 3840 and 3520560?
240
What is the highest common factor of 8695 and 32042?
37
What is the highest common factor of 51 and 159878183?
17
What is the highest common factor of 2636002288 and 1409?
1409
Calculate the greatest common divisor of 259 and 52289769.
259
What is the greatest common divisor of 14896 and 708092?
532
What is the greatest common divisor of 1099928 and 28?
4
Calculate the highest common divisor of 1064 and 7373672.
152
What is the highest common factor of 32321724 and 172?
172
Calculate the highest common divisor of 51 and 718639538.
17
What is the highest common factor of 2094648 and 1176?
24
What is the greatest common factor of 320 and 1044256?
32
What is the highest common factor of 17950542 and 267?
3
Calculate the greatest common factor of 20 and 50754620.
20
Calculate the greatest common divisor of 1270 and 1345.
5
What is the highest common factor of 5180 and 88648300?
740
Calculate the greatest common divisor of 2886 and 93469363.
481
What is the highest common divisor of 486 and 7318917?
243
Calculate the highest common factor of 403912430 and 40.
10
What is the greatest common factor of 7108 and 170910083?
1777
What is the highest common factor of 59488 and 374842?
338
What is the highest common divisor of 609 and 19817730?
87
What is the highest common divisor of 49 and 2603663167?
49
Calculate the greatest common divisor of 747104 and 72.
8
Calculate the greatest common factor of 35491760 and 1840.
1840
What is the greatest common factor of 1299898 and 34368?
358
What is the highest common factor of 82530914 and 1571?
1571
Calculate the highest common divisor of 858 and 7955805.
429
What is the greatest common factor of 106455743 and 1?
1
What is the greatest common divisor of 5572 and 152764738?
2786
What is the highest common divisor of 54738 and 33347606?
6082
What is the highest common divisor of 1231328 and 33856?
736
What is the highest common divisor of 6518853 and 5076?
1269
Calculate the greatest common divisor of 75000888 and 306.
18
What is the greatest common divisor of 53 and 154476556?
53
What is the highest common divisor of 336 and 13153008?
48
Calculate the highest common divisor of 163520 and 717955.
2555
Calculate the highest common factor of 1548 and 1245627.
9
What is the highest common divisor of 6163069 and 11?
11
Calculate the highest common factor of 35173 and 850359.
2069
Calculate the highest common factor of 3013634 and 12493.
403
What is the highest common divisor of 36252 and 2372757?
159
What is the highest common factor of 7800192 and 1628?
148
Calculate the greatest common factor of 140833704 and 132.
132
What is the greatest common factor of 21211044 and 12?
12
Calculate the highest common divisor of 916379 and 481.
37
Calculate the greatest common factor of 3009465 and 12195.
45
Calculate the greatest common divisor of 34104 and 483488.
232
Calculate the highest common divisor of 120704585 and 1325.
265
What is the highest common factor of 618 and 487427106?
618
What is the highest common factor of 423444 and 2892?
12
Calculate the greatest common divisor of 635 and 38961695.
635
Calculate the greatest common divisor of 150563464 and 8.
8
Calculate the highest common divisor of 183077210 and 2740.
1370
Calculate the highest common divisor of 33024 and 10584.
24
What is the highest common factor of 650 and 57445?
5
Calculate the greatest common divisor of 3930369 and 12.
3
What is the highest common divisor of 141265774 and 314?
314
What is the greatest common divisor of 15528 and 714748664?
5176
What is the greatest common divisor of 3579 and 45519?
3
What is the greatest common factor of 49434140 and 644?
28
Calculate the greatest common factor of 31217330 and 153436.
862
Calculate the highest common factor of 4571658 and 20314.
14
What is the greatest common divisor of 526713 and 81?
3
What is the greatest common divisor of 34879060 and 52600?
5260
Calculate the highest common factor of 134087742 and 18.
18
What is the highest common factor of 76920 and 4344?
24
Calculate the highes